 3563.
9
What is the remainder when 48713 is divided by 40?
33
Calculate the remainder when 7292 is divided by 228.
224
What is the remainder when 93479 is divided by 380?
379
What is the remainder when 180449 is divided by 21?
17
What is the remainder when 528125 is divided by 88019?
11
Calculate the remainder when 138268 is divided by 5761.
4
What is the remainder when 18585 is divided by 63?
0
What is the remainder when 5809 is divided by 50?
9
What is the remainder when 12081 is divided by 6039?
3
What is the remainder when 35745 is divided by 415?
55
What is the remainder when 12522 is divided by 6246?
30
Calculate the remainder when 361590 is divided by 77.
75
Calculate the remainder when 241064 is divided by 5.
4
Calculate the remainder when 28060 is divided by 15.
10
What is the remainder when 25640 is divided by 113?
102
Calculate the remainder when 58558 is divided by 160.
158
Calculate the remainder when 169466 is divided by 15.
11
What is the remainder when 1516 is divided by 17?
3
Calculate the remainder when 40637 is divided by 160.
157
What is the remainder when 322071 is divided by 8?
7
Calculate the remainder when 64040 is divided by 985.
15
Calculate the remainder when 14800 is divided by 678.
562
Calculate the remainder when 10470 is divided by 263.
213
Calculate the remainder when 40090 is divided by 5720.
50
What is the remainder when 160362 is divided by 966?
6
What is the remainder when 2086 is divided by 1894?
192
Calculate the remainder when 76189 is divided by 10882.
15
What is the remainder when 14971 is divided by 4987?
10
Calculate the remainder when 91339 is divided by 120.
19
What is the remainder when 578140 is divided by 50?
40
What is the remainder when 25850 is divided by 507?
500
Calculate the remainder when 14803 is divided by 148.
3
Calculate the remainder when 211557 is divided by 722.
11
Calculate the remainder when 7309 is divided by 291.
34
Calculate the remainder when 2405708 is divided by 199.
196
What is the remainder when 825349 is divided by 452?
449
What is the remainder when 5744 is divided by 45?
29
Calculate the remainder when 336297 is divided by 20.
17
Calculate the remainder when 117657 is divided by 370.
367
What is the remainder when 3028 is divided by 2967?
61
Calculate the remainder when 7865 is divided by 22.
11
What is the remainder when 2939812 is divided by 5?
2
Calculate the remainder when 2191 is divided by 541.
27
Calculate the remainder when 691638 is divided by 778.
774
Calculate the remainder when 7227136 is divided by 879.
877
What is the remainder when 127932 is divided by 47?
45
What is the remainder when 1011 is divided by 911?
100
Calculate the remainder when 2568 is divided by 903.
762
Calculate the remainder when 9273 is divided by 442.
433
What is the remainder when 2818 is divided by 2128?
690
What is the remainder when 14092 is divided by 252?
232
Calculate the remainder when 62022 is divided by 318.
12
What is the remainder when 1937 is divided by 52?
13
Calculate the remainder when 77275 is divided by 29.
19
Calculate the remainder when 46841 is divided by 256.
249
Calculate the remainder when 3113 is divided by 294.
173
What is the remainder when 33954 is divided by 4849?
11
What is the remainder when 3370 is divided by 210?
10
Calculate the remainder when 52872 is divided by 23.
18
What is the remainder when 357 is divided by 36?
33
What is the remainder when 20673 is divided by 114?
39
What is the remainder when 6480 is divided by 832?
656
What is the remainder when 1614541 is divided by 175?
166
Calculate the remainder when 15344 is divided by 284.
8
Calculate the remainder when 41322 is divided by 31.
30
What is the remainder when 5469 is divided by 228?
225
Calculate the remainder when 24729 is divided by 8240.
9
What is the remainder when 188048 is divided by 6?
2
Calculate the remainder when 4803 is divided by 480.
3
Calculate the remainder when 6649 is divided by 119.
104
Calculate the remainder when 44912 is divided by 50.
12
What is the remainder when 16533 is divided by 14?
13
What is the remainder when 1589 is divided by 520?
29
Calculate the remainder when 12414 is divided by 31.
14
What is the remainder when 48526 is divided by 8087?
4
What is the remainder when 285967 is divided by 14298?
7
Calculate the remainder when 11284 is divided by 1875.
34
Calculate the remainder when 86012 is divided by 336.
332
Calculate the remainder when 8509 is divided by 42.
25
Calculate the remainder when 241839 is divided by 112.
31
What is the remainder when 11442 is divided by 1630?
32
Calculate the remainder when 176478 is divided by 8.
6
Calculate the remainder when 195261 is divided by 115.
106
What is the remainder when 335069 is divided by 37?
34
Calculate the remainder when 116140 is divided by 58045.
50
What is the remainder when 705 is divided by 120?
105
What is the remainder when 21113 is divided by 363?
59
Calculate the remainder when 26236 is divided by 8742.
10
What is the remainder when 239146 is divided by 292?
290
What is the remainder when 54987 is divided by 33?
9
What is the remainder when 23554 is divided by 42?
34
Calculate the remainder when 16577 is divided by 16565.
12
Calculate the remainder when 14755 is divided by 223.
37
What is the remainder when 12955 is divided by 26?
7
What is the remainder when 44873 is divided by 299?
23
What is the remainder when 15469 is divided by 40?
29
What is the remainder when 265546 is divided by 84?
22
What is the remainder when 811 is divided by 37?
34
What is the remainder when 35490 is divided by 35480?
10
Calculate the remainder when 615249 is divided by 25.
24
Calculate the remainder when 7107 is divided by 395.
392
What is the remainder when 210809 is divided by 96?
89
Calculate the remainder when 118555 is divided by 97.
21
Calculate the remainder when 2047141 is divided by 11.
8
Calculate the remainder when 8019 is divided by 13.
11
What is the remainder when 2168 is divided by 170?
128
Calculate the remainder when 9679 is divided by 4306.
1067
Calculate the remainder when 49445 is divided by 6177.
29
What is the remainder when 25157 is divided by 176?
165
Calculate the remainder when 17939 is divided by 368.
275
What is the remainder when 7095 is divided by 355?
350
What is the remainder when 2512 is divided by 281?
264
Calculate the remainder when 21888 is divided by 4372.
28
What is the remainder when 1882 is divided by 235?
2
What is the remainder when 17297 is divided by 558?
557
What is the remainder when 9259 is divided by 249?
46
Calculate the remainder when 494256 is divided by 4413.
0
What is the remainder when 159439 is divided by 58?
55
What is the remainder when 8560 is divided by 111?
13
What is the remainder when 602356 is divided by 23167?
14
Calculate the remainder when 1442401 is divided by 19.
16
Calculate the remainder when 2465 is divided by 2458.
7
What is the remainder when 6940 is divided by 6866?
74
What is the remainder when 8688 is divided by 2?
0
What is the remainder when 50279 is divided by 4186?
47
Calculate the remainder when 123871 is divided by 392.
391
Calculate the remainder when 55623 is divided by 146.
143
What is the remainder when 1403 is divided by 78?
77
What is the remainder when 128798 is divided by 40?
38
Calculate the remainder when 1349 is divided by 56.
5
Calculate the remainder when 2129573 is divided by 142.
141
Calculate the remainder when 1063 is divided by 26.
23
Calculate the remainder when 3157 is divided by 1537.
83
What is the remainder when 14884 is divided by 2899?
389
Calculate the remainder when 2635954 is divided by 73.
70
Calculate the remainder when 11341 is divided by 106.
105
Calculate the remainder when 17766 is divided by 43.
7
Calculate the remainder when 7864 is divided by 254.
244
What is the remainder when 11474 is divided by 135?
134
What is the remainder when 1254 is divided by 26?
6
What is the remainder when 47665 is divided by 756?
37
What is the remainder when 470464 is divided by 59?
57
What is the remainder when 12879 is divided by 1430?
9
Calculate the remainder when 151616 is divided by 380.
376
Calculate the remainder when 71443 is divided by 139.
136
What is the remainder when 202989 is divided by 157?
145
Calc